{"id":41,"date":"2023-09-25T17:41:48","date_gmt":"2023-09-25T17:41:48","guid":{"rendered":"https:\/\/antenistaaltea.com\/?page_id=41"},"modified":"2023-10-31T12:37:25","modified_gmt":"2023-10-31T12:37:25","slug":"politica-de-cookies","status":"publish","type":"page","link":"https:\/\/antenistaaltea.com\/index.php\/politica-de-cookies\/","title":{"rendered":"Pol\u00edtica de cookies"},"content":{"rendered":"[vc_row type=\u00bbin_container\u00bb full_screen_row_position=\u00bbmiddle\u00bb column_margin=\u00bbdefault\u00bb column_direction=\u00bbdefault\u00bb column_direction_tablet=\u00bbdefault\u00bb column_direction_phone=\u00bbdefault\u00bb scene_position=\u00bbcenter\u00bb text_color=\u00bbdark\u00bb text_align=\u00bbleft\u00bb row_border_radius=\u00bbnone\u00bb row_border_radius_applies=\u00bbbg\u00bb overflow=\u00bbvisible\u00bb overlay_strength=\u00bb0.3&#8243; gradient_direction=\u00bbleft_to_right\u00bb shape_divider_position=\u00bbbottom\u00bb bg_image_animation=\u00bbnone\u00bb][vc_column column_padding=\u00bbno-extra-padding\u00bb column_padding_tablet=\u00bbinherit\u00bb column_padding_phone=\u00bbinherit\u00bb column_padding_position=\u00bball\u00bb column_element_direction_desktop=\u00bbdefault\u00bb column_element_spacing=\u00bbdefault\u00bb desktop_text_alignment=\u00bbdefault\u00bb tablet_text_alignment=\u00bbdefault\u00bb phone_text_alignment=\u00bbdefault\u00bb background_color_opacity=\u00bb1&#8243; background_hover_color_opacity=\u00bb1&#8243; column_backdrop_filter=\u00bbnone\u00bb column_shadow=\u00bbnone\u00bb column_border_radius=\u00bbnone\u00bb column_link_target=\u00bb_self\u00bb column_position=\u00bbdefault\u00bb gradient_direction=\u00bbleft_to_right\u00bb overlay_strength=\u00bb0.3&#8243; width=\u00bb1\/1&#8243; tablet_width_inherit=\u00bbdefault\u00bb animation_type=\u00bbdefault\u00bb bg_image_animation=\u00bbnone\u00bb border_type=\u00bbsimple\u00bb column_border_width=\u00bbnone\u00bb column_border_style=\u00bbsolid\u00bb][vc_column_text]En todas las p\u00e1ginas web que usen tecnolog\u00eda \u201ccookie\u201d debe existir una \u201cPol\u00edtica de<br \/>\ncookies\u201d con el fin de informar con claridad al usuario de qu\u00e9 son las cookies, su finalidad, los datos<br \/>\nque recopilan seg\u00fan los tipos de cookies, c\u00f3mo los recopilan y utilizan estos datos, el tiempo de<br \/>\nconservaci\u00f3n, etc&#8230;<br \/>\nEs importante recabar el consentimiento de los usuarios antes de iniciar la navegaci\u00f3n , para ello, se<br \/>\ndebe disponer en el AVISO DE COOKIES un enlace directo a la POL\u00cdTICA DE COOKIES . El<br \/>\nconsentimiento debe ser informado, por lo que esta Pol\u00edtica de cookies constituye la informaci\u00f3n<br \/>\ncompleta que la web debe facilitar a todos los usuarios.<br \/>\nTenga en cuenta que en el apartado \u201c\u00bfqu\u00e9 tipos de cookies se utilizan en la web?\u201d y en las<br \/>\ntablas de detalle del final deber\u00e1 indicar \u00fanicamente las cookies utilizadas en la web: propias, de<br \/>\nterceros, t\u00e9cnicas, anal\u00edticas, de sesi\u00f3n, etc&#8230; para ello solicite la informaci\u00f3n a su proveedor web.<br \/>\nA continuaci\u00f3n, se propone un texto de ejemplo que podr\u00e1 adaptar seg\u00fan las cookies que utilice su<br \/>\nweb,<\/p>\n<p>POL\u00cdTICA DE COOKIES<\/p>\n<p>\u00bfQu\u00e9 son las cookies?<br \/>\nEn ingl\u00e9s, el t\u00e9rmino \u201ccookie\u201d significa galleta, pero en el \u00e1mbito de la navegaci\u00f3n web, una<br \/>\n\u201ccookie\u201d es algo completamente distinto.<br \/>\nCuando accedes a nuestra web, en el navegador de tu dispositivo se almacena una peque\u00f1a cantidad de<br \/>\ntexto que se denomina \u201ccookie\u201d. Este texto contiene informaci\u00f3n variada sobre tu navegaci\u00f3n,<br \/>\nh\u00e1bitos, preferencias, personalizaciones de contenidos, etc&#8230;<br \/>\nExisten otras tecnolog\u00edas que funcionan de manera similar y que tambi\u00e9n se usan para recopilar datos<br \/>\nsobre tu actividad de navegaci\u00f3n. Llamaremos \u201ccookies\u201d a todas estas tecnolog\u00edas en su<br \/>\nconjunto.<br \/>\nLos usos concretos que hacemos de estas tecnolog\u00edas se describen en el presente documento.<br \/>\n\u00bfPara qu\u00e9 se utilizan las cookies en esta web?<br \/>\nLas cookies son una parte esencial de c\u00f3mo funciona nuestro sitio web. El objetivo principal de nuestras<br \/>\ncookies es mejorar tu experiencia en la navegaci\u00f3n. Por ejemplo, para recordar tus preferencias (idioma,<br \/>\npa\u00eds, etc.) durante la navegaci\u00f3n y en futuras visitas. La informaci\u00f3n recogida en las cookies nos<br \/>\npermite adem\u00e1s mejorar la web, adaptarla a tus intereses como usuario, acelerar las b\u00fasquedas que<br \/>\nrealices, etc..<br \/>\nEn determinados casos, si hemos obtenido tu previo consentimiento informado, podremos utilizar cookies<\/p>\n<p>para otros usos, como por ejemplo para obtener informaci\u00f3n que nos permita mostrarte publicidad basada<br \/>\nen el an\u00e1lisis de tus h\u00e1bitos de navegaci\u00f3n.<br \/>\n\u00bfPara qu\u00e9 NO se utilizan las cookies en esta web?<br \/>\nEn las cookies que utilizamos no se almacena informaci\u00f3n sensible de identificaci\u00f3n personal como tu<br \/>\nnombre, direcci\u00f3n, tu contrase\u00f1a, etc&#8230;<br \/>\n\u00bfQui\u00e9n utiliza la informaci\u00f3n almacenada en las cookies?<br \/>\nLa informaci\u00f3n almacenada en las cookies de nuestro sitio web es utilizada exclusivamente por nosotros,<br \/>\na excepci\u00f3n de aquellas identificadas m\u00e1s adelante como &#8216;cookie de terceros&#8217;, que son utilizadas y<br \/>\ngestionadas por entidades externas que nos proporcionan servicios que mejoran la experiencia del<br \/>\nusuario. Por ejemplo las estad\u00edsticas que se recogen sobre el n\u00famero de visitas, el contenido que m\u00e1s<br \/>\ngusta, etc&#8230; lo suele gestionar GOOGLE ANALYTICS .<br \/>\nLas cookies de terceros tambi\u00e9n se suelen utilizar para garantizar las operaciones de pago realizadas a<br \/>\ntrav\u00e9s de la web.<br \/>\n\u00bfC\u00f3mo puedo evitar el uso de cookies en este sitio web?<br \/>\nSi prefieres evitar el uso de las cookies, puedes RECHAZAR su uso o puedes CONFIGURAR las que<br \/>\nquieres evitar y las que permites utilizar (en este documento te damos informaci\u00f3n ampliada al respecto<br \/>\nde cada tipo de cookie, su finalidad, destinatario, temporalidad, etc&#8230; ).<br \/>\nSi las has aceptado, no volveremos a preguntarte a menos que borres las cookies en tu dispositivo seg\u00fan<br \/>\nse indica en el apartado siguiente.<br \/>\nSi quieres revocar el consentimiento tendr\u00e1s que eliminar las cookies y volver a configurarlas.<br \/>\n\u00bfC\u00f3mo deshabilito y elimino la utilizaci\u00f3n de cookies?<br \/>\nPara restringir, bloquear o borrar las cookies de este sitio web (y las usada por terceros) puedes hacerlo,<br \/>\nen cualquier momento, modificando la configuraci\u00f3n de tu navegador. Ten en cuenta que esta<br \/>\nconfiguraci\u00f3n es diferente en cada navegador, si bien es habitual encontrar la configuraci\u00f3n de cookies<br \/>\nen el men\u00fa &#8216;Preferencias&#8217; &#8216;Herramientas&#8217; \u201cOpciones\u201d y despu\u00e9s en \u201cPrivacidad y<br \/>\nSeguridad\u201d \u00f3 en \u201cborrar datos de navegaci\u00f3n\u201d, etc&#8230;<br \/>\nPara m\u00e1s detalle sobre la configuraci\u00f3n de las cookies en cada navegador, puedes consultar el men\u00fa<br \/>\n&#8216;Ayuda&#8217; del mismo..<br \/>\n\u00bfQu\u00e9 tipos de cookies se utilizan en esta p\u00e1gina web?<br \/>\nCada p\u00e1gina web utiliza sus propias cookies. En nuestra web utilizamos las que se indican a<br \/>\ncontinuaci\u00f3n:<br \/>\nSEG\u00daN LA ENTIDAD QUE LO GESTIONA<\/p>\n<p>\u2022 Cookies propias:<br \/>\nson aquellas que se env\u00edan al equipo terminal del usuario desde un equipo o dominio gestionado por el<br \/>\npropio editor y desde el que se presta el servicio solicitado por el usuario.<br \/>\n\u2022 Cookies de terceros:<br \/>\nson aquellas que se env\u00edan al equipo terminal del usuario desde un equipo o dominio que no es<br \/>\ngestionado por el editor, sino por otra entidad que trata los datos obtenidos trav\u00e9s de las cookies.<br \/>\nEn el caso de que las cookies sean servidas desde un equipo o dominio gestionado por el propio editor,<br \/>\npero la informaci\u00f3n que se recoja mediante estas sea gestionada por un tercero, no pueden ser<br \/>\nconsideradas como cookies propias si el tercero las utiliza para sus propias finalidades (por ejemplo, la<br \/>\nmejora de los servicios que presta o la prestaci\u00f3n de servicios de car\u00e1cter publicitario a favor de otras<br \/>\nentidades).<br \/>\nSEG\u00daN SU FINALIDAD<br \/>\n\u2022 Cookies t\u00e9cnicas:<br \/>\nson aquellas necesarias para la navegaci\u00f3n y el buen funcionamiento de nuestra p\u00e1gina web, como por<br \/>\nejemplo, controlar el tr\u00e1fico y la comunicaci\u00f3n de datos, identificar la sesi\u00f3n, acceder a partes de acceso<br \/>\nrestringido, recordar los elementos que integran un pedido, realizar el proceso de compra de un pedido,<br \/>\ngestionar el pago, controlar el fraude vinculado a la seguridad del servicio, realizar la solicitud de<br \/>\ninscripci\u00f3n o participaci\u00f3n en un evento, contar visitas a efectos de la facturaci\u00f3n de licencias del<br \/>\nsoftware con el que funciona el servicio (sitio web, plataforma o aplicaci\u00f3n), utilizar elementos de<br \/>\nseguridad durante la navegaci\u00f3n, almacenar contenidos para la difusi\u00f3n de v\u00eddeos o sonido, habilitar<br \/>\ncontenidos din\u00e1micos (por ejemplo, animaci\u00f3n de carga de un texto o imagen) o compartir contenidos a<br \/>\ntrav\u00e9s de redes sociales.<br \/>\n\u2022 Cookies de an\u00e1lisis:<br \/>\npermiten cuantificar el n\u00famero de usuarios y as\u00ed realizar la medici\u00f3n y an\u00e1lisis estad\u00edstico de la<br \/>\nutilizaci\u00f3n que hacen los usuarios del servicio ofertado. Para ello se analiza su navegaci\u00f3n en nuestra<br \/>\np\u00e1gina web con el fin de mejorar la oferta de productos o servicios que le ofrecemos.<br \/>\n\u2022 Cookies de preferencias o personalizaci\u00f3n:<br \/>\nson aquellas que permiten recordar informaci\u00f3n para que el usuario acceda al servicio con determinadas<br \/>\ncaracter\u00edsticas que pueden diferenciar su experiencia de la de otros usuarios, como, por ejemplo, el<br \/>\nidioma, el n\u00famero de resultados a mostrar cuando el usuario realiza una b\u00fasqueda, el aspecto o<br \/>\ncontenido del servicio en funci\u00f3n del tipo de navegador a trav\u00e9s del cual el usuario accede al servicio o<br \/>\nde la regi\u00f3n desde la que accede al servicio, etc.<br \/>\n\u2022 Publicitarias comportamentales:<br \/>\nson aquellas que, tratadas por nosotros o por terceros, nos permiten analizar sus h\u00e1bitos de navegaci\u00f3n<br \/>\nen Internet para que podamos mostrarle publicidad relacionada con su perfil de navegaci\u00f3n.<br \/>\nSEG\u00daN EL PLAZO DE TIEMPO QUE PERMANECEN ACTIVADAS<br \/>\n\u2022 Cookies de sesi\u00f3n:<br \/>\nson aquellas dise\u00f1adas para recabar y almacenar datos mientras el usuario accede a una p\u00e1gina web.<\/p>\n<p>Se suelen emplear para almacenar informaci\u00f3n que solo interesa conservar para la prestaci\u00f3n del<br \/>\nservicio solicitado por el usuario en una sola ocasi\u00f3n (por ejemplo, una lista de productos adquiridos) y<br \/>\ndesaparecen al terminar la sesi\u00f3n.<br \/>\n\u2022 Cookies persistentes:<br \/>\nson aquellas en las que los datos siguen almacenados en el terminal y pueden ser accedidos y tratados<br \/>\ndurante un periodo definido por el responsable de la cookie, y que puede ir de unos minutos a varios<br \/>\na\u00f1os. A este respecto debe valorarse espec\u00edficamente si es necesaria la utilizaci\u00f3n de cookies<br \/>\npersistentes, puesto que los riesgos para la privacidad podr\u00edan reducirse mediante la utilizaci\u00f3n de<br \/>\ncookies de sesi\u00f3n. En todo caso, cuando se instalen cookies persistentes, se recomienda reducir al<br \/>\nm\u00ednimo necesario su duraci\u00f3n temporal atendiendo a la finalidad de su uso. A estos efectos, el<br \/>\nDictamen 4\/2012 del GT29 indic\u00f3 que para que una cookie pueda estar exenta del deber de<br \/>\nconsentimiento informado, su caducidad debe estar relacionada con su finalidad. Debido a ello, es mucho<br \/>\nm\u00e1s probable que se consideren como exceptuadas las cookies de sesi\u00f3n que las persistentes.<br \/>\nDetalle de cookies utilizadas en esta web:<\/p>\n<p>Cookies t\u00e9cnicas (esenciales)<\/p>\n<p>Cookies Finalidad Duraci\u00f3n Gesti\u00f3n<br \/>\nIdentificaci\u00f3n del<br \/>\nusuario<\/p>\n<p>Se utilizan para identificar al usuario, contienen datos<br \/>\nt\u00e9cnicos de sesi\u00f3n, tiempo de espera de conexi\u00f3n, etc&#8230; Sesi\u00f3n Propias<\/p>\n<p>Estado de la<br \/>\nnavegaci\u00f3n<\/p>\n<p>Se utilizan para identificar en qu\u00e9 estado de navegaci\u00f3n se<br \/>\nencuentra el usuario: primera p\u00e1gina, primer acceso, etc.. Sesi\u00f3n Propias<\/p>\n<p>Selecciones del usuario<\/p>\n<p>Se utilizan para guardar los valores que han sido<br \/>\nseleccionados por el usuario: idioma, moneda, productos,<br \/>\ntalla&#8230;<\/p>\n<p>Sesi\u00f3n Propias<\/p>\n<p>Favoritos y \u00faltimas<br \/>\nselecciones<\/p>\n<p>Permiten recordar las selecciones favoritas del usuario o las<br \/>\n\u00faltimas selecciones Persistentes Propias<\/p>\n<p>Cesta de la compra Almacenan la informaci\u00f3n sobre la cesta y los datos de<\/p>\n<p>identificaci\u00f3n del usuario vinculados a ella. Sesi\u00f3n Propias<\/p>\n<p>Protocolos Permiten gestionar cambios de dominio entre seguro (http) y<\/p>\n<p>no seguro (https) Sesi\u00f3n Propias<\/p>\n<p>Dispositivo de compra<\/p>\n<p>Permiten ofrecer las garant\u00edas suficientes para la<br \/>\nrealizaci\u00f3n de las compras. En ning\u00fan momento incluyen<br \/>\ninformaci\u00f3n sensible como pueden ser los datos de las<br \/>\ntarjetas.<\/p>\n<p>Persistentes Terceros<\/p>\n<p>Cookies de analisis<\/p>\n<p>Cookies Finalidad Duraci\u00f3n Gesti\u00f3n<\/p>\n<p>Google Analytics<\/p>\n<p>Permiten realizar un seguimiento mediante la herramienta<br \/>\nGoogle Analytics que es un servicio proporcionado por Google<br \/>\npara obtener informaci\u00f3n de los accesos de los usuarios a la<br \/>\nweb: n\u00famero de veces que el usuario visita la web, fechas de<br \/>\nprimera y \u00faltima visita, duraci\u00f3n de las visitas, desde qu\u00e9<br \/>\np\u00e1gina accedi\u00f3 a la web, etc.. La informaci\u00f3n que genera la<br \/>\ncookie, acerca del uso de la web, ser\u00e1 directamente<br \/>\ntransmitida y archivada por Google Inc (empresa con sede en<br \/>\nEEUU). La configuraci\u00f3n de estas cookies est\u00e1<br \/>\npredeterminada por el servicio ofrecido por Google, por lo que<br \/>\nsugerimos que consulte la pol\u00edtica de privacidad de Google<br \/>\nAnalytics.<\/p>\n<p>Persistentes Terceros<\/p>\n<p>Optimizely<\/p>\n<p>Las cookies identificadas con el dominio optimizely.com, nos<br \/>\npermiten optimizar el aspecto, las sensaciones y en general la<br \/>\nexperiencia de navegaci\u00f3n del usuario. Algunos de los datos<br \/>\nguardados para an\u00e1lisis posteriores son los siguientes:<br \/>\nn\u00famero de actualizaciones de la p\u00e1gina que ha visto el<br \/>\nusuario, informaci\u00f3n por segmentos de visitantes, tales como<br \/>\nel navegador usado. La configuraci\u00f3n de estas cookies est\u00e1<br \/>\npredeterminada por el proveedor Optimizaly Inc. (empresa<br \/>\ncon sede en EEUU) por lo que sugerimos que visite su<br \/>\np\u00e1gina web para m\u00e1s informaci\u00f3n.<\/p>\n<p>Persistentes Terceros<\/p>\n<p>Dispositivo de compra<\/p>\n<p>Permiten identificar el dispositivo desde el que se realizan las<br \/>\ncompras en la web para su posterior an\u00e1lisis. En ning\u00fan<br \/>\nmomento incluyen informaci\u00f3n sensible como pueden ser los<br \/>\ndatos de las tarjetas.<\/p>\n<p>Persistentes Terceros<\/p>\n[\/vc_column_text][\/vc_column][\/vc_row]\n","protected":false},"excerpt":{"rendered":"<p>[vc_row type=\u00bbin_container\u00bb full_screen_row_position=\u00bbmiddle\u00bb column_margin=\u00bbdefault\u00bb column_direction=\u00bbdefault\u00bb column_direction_tablet=\u00bbdefault\u00bb column_direction_phone=\u00bbdefault\u00bb scene_position=\u00bbcenter\u00bb text_color=\u00bbdark\u00bb text_align=\u00bbleft\u00bb row_border_radius=\u00bbnone\u00bb row_border_radius_applies=\u00bbbg\u00bb overflow=\u00bbvisible\u00bb overlay_strength=\u00bb0.3&#8243; gradient_direction=\u00bbleft_to_right\u00bb shape_divider_position=\u00bbbottom\u00bb bg_image_animation=\u00bbnone\u00bb][vc_column column_padding=\u00bbno-extra-padding\u00bb column_padding_tablet=\u00bbinherit\u00bb column_padding_phone=\u00bbinherit\u00bb column_padding_position=\u00bball\u00bb column_element_direction_desktop=\u00bbdefault\u00bb column_element_spacing=\u00bbdefault\u00bb desktop_text_alignment=\u00bbdefault\u00bb tablet_text_alignment=\u00bbdefault\u00bb phone_text_alignment=\u00bbdefault\u00bb background_color_opacity=\u00bb1&#8243; background_hover_color_opacity=\u00bb1&#8243; column_backdrop_filter=\u00bbnone\u00bb column_shadow=\u00bbnone\u00bb&#8230;<\/p>\n","protected":false},"author":1,"featured_media":0,"parent":0,"menu_order":0,"comment_status":"closed","ping_status":"closed","template":"","meta":{"footnotes":""},"class_list":["post-41","page","type-page","status-publish"],"acf":[],"yoast_head":"<!-- This site is optimized with the Yoast SEO plugin v20.9 - https:\/\/yoast.com\/wordpress\/plugins\/seo\/ -->\n<title>Pol\u00edtica de cookies - Antenista Altea<\/title>\n<meta name=\"robots\" content=\"noindex, follow\" \/>\n<meta property=\"og:locale\" content=\"es_ES\" \/>\n<meta property=\"og:type\" content=\"article\" \/>\n<meta property=\"og:title\" content=\"Pol\u00edtica de cookies - Antenista Altea\" \/>\n<meta property=\"og:description\" content=\"[vc_row type=\u00bbin_container\u00bb full_screen_row_position=\u00bbmiddle\u00bb column_margin=\u00bbdefault\u00bb column_direction=\u00bbdefault\u00bb column_direction_tablet=\u00bbdefault\u00bb column_direction_phone=\u00bbdefault\u00bb scene_position=\u00bbcenter\u00bb text_color=\u00bbdark\u00bb text_align=\u00bbleft\u00bb row_border_radius=\u00bbnone\u00bb row_border_radius_applies=\u00bbbg\u00bb overflow=\u00bbvisible\u00bb overlay_strength=\u00bb0.3&#8243; gradient_direction=\u00bbleft_to_right\u00bb shape_divider_position=\u00bbbottom\u00bb bg_image_animation=\u00bbnone\u00bb][vc_column column_padding=\u00bbno-extra-padding\u00bb column_padding_tablet=\u00bbinherit\u00bb column_padding_phone=\u00bbinherit\u00bb column_padding_position=\u00bball\u00bb column_element_direction_desktop=\u00bbdefault\u00bb column_element_spacing=\u00bbdefault\u00bb desktop_text_alignment=\u00bbdefault\u00bb tablet_text_alignment=\u00bbdefault\u00bb phone_text_alignment=\u00bbdefault\u00bb background_color_opacity=\u00bb1&#8243; background_hover_color_opacity=\u00bb1&#8243; column_backdrop_filter=\u00bbnone\u00bb column_shadow=\u00bbnone\u00bb...\" \/>\n<meta property=\"og:url\" content=\"https:\/\/antenistaaltea.com\/index.php\/politica-de-cookies\/\" \/>\n<meta property=\"og:site_name\" content=\"Antenista Altea\" \/>\n<meta property=\"article:modified_time\" content=\"2023-10-31T12:37:25+00:00\" \/>\n<meta name=\"twitter:card\" content=\"summary_large_image\" \/>\n<meta name=\"twitter:label1\" content=\"Tiempo de lectura\" \/>\n\t<meta name=\"twitter:data1\" content=\"9 minutos\" \/>\n<script type=\"application\/ld+json\" class=\"yoast-schema-graph\">{\"@context\":\"https:\/\/schema.org\",\"@graph\":[{\"@type\":\"WebPage\",\"@id\":\"https:\/\/antenistaaltea.com\/index.php\/politica-de-cookies\/\",\"url\":\"https:\/\/antenistaaltea.com\/index.php\/politica-de-cookies\/\",\"name\":\"Pol\u00edtica de cookies - Antenista Altea\",\"isPartOf\":{\"@id\":\"https:\/\/antenistaaltea.com\/#website\"},\"datePublished\":\"2023-09-25T17:41:48+00:00\",\"dateModified\":\"2023-10-31T12:37:25+00:00\",\"breadcrumb\":{\"@id\":\"https:\/\/antenistaaltea.com\/index.php\/politica-de-cookies\/#breadcrumb\"},\"inLanguage\":\"es\",\"potentialAction\":[{\"@type\":\"ReadAction\",\"target\":[\"https:\/\/antenistaaltea.com\/index.php\/politica-de-cookies\/\"]}]},{\"@type\":\"BreadcrumbList\",\"@id\":\"https:\/\/antenistaaltea.com\/index.php\/politica-de-cookies\/#breadcrumb\",\"itemListElement\":[{\"@type\":\"ListItem\",\"position\":1,\"name\":\"Portada\",\"item\":\"https:\/\/antenistaaltea.com\/\"},{\"@type\":\"ListItem\",\"position\":2,\"name\":\"Pol\u00edtica de cookies\"}]},{\"@type\":\"WebSite\",\"@id\":\"https:\/\/antenistaaltea.com\/#website\",\"url\":\"https:\/\/antenistaaltea.com\/\",\"name\":\"Antenista Altea\",\"description\":\"Antenistas en Altea, servicios \u00edntegros de antenas terrestres y satelitales en la localidad de Altea , alta calidad en todos los servicios de antenatv.\",\"potentialAction\":[{\"@type\":\"SearchAction\",\"target\":{\"@type\":\"EntryPoint\",\"urlTemplate\":\"https:\/\/antenistaaltea.com\/?s={search_term_string}\"},\"query-input\":\"required name=search_term_string\"}],\"inLanguage\":\"es\"}]}<\/script>\n<!-- \/ Yoast SEO plugin. -->","yoast_head_json":{"title":"Pol\u00edtica de cookies - Antenista Altea","robots":{"index":"noindex","follow":"follow"},"og_locale":"es_ES","og_type":"article","og_title":"Pol\u00edtica de cookies - Antenista Altea","og_description":"[vc_row type=\u00bbin_container\u00bb full_screen_row_position=\u00bbmiddle\u00bb column_margin=\u00bbdefault\u00bb column_direction=\u00bbdefault\u00bb column_direction_tablet=\u00bbdefault\u00bb column_direction_phone=\u00bbdefault\u00bb scene_position=\u00bbcenter\u00bb text_color=\u00bbdark\u00bb text_align=\u00bbleft\u00bb row_border_radius=\u00bbnone\u00bb row_border_radius_applies=\u00bbbg\u00bb overflow=\u00bbvisible\u00bb overlay_strength=\u00bb0.3&#8243; gradient_direction=\u00bbleft_to_right\u00bb shape_divider_position=\u00bbbottom\u00bb bg_image_animation=\u00bbnone\u00bb][vc_column column_padding=\u00bbno-extra-padding\u00bb column_padding_tablet=\u00bbinherit\u00bb column_padding_phone=\u00bbinherit\u00bb column_padding_position=\u00bball\u00bb column_element_direction_desktop=\u00bbdefault\u00bb column_element_spacing=\u00bbdefault\u00bb desktop_text_alignment=\u00bbdefault\u00bb tablet_text_alignment=\u00bbdefault\u00bb phone_text_alignment=\u00bbdefault\u00bb background_color_opacity=\u00bb1&#8243; background_hover_color_opacity=\u00bb1&#8243; column_backdrop_filter=\u00bbnone\u00bb column_shadow=\u00bbnone\u00bb...","og_url":"https:\/\/antenistaaltea.com\/index.php\/politica-de-cookies\/","og_site_name":"Antenista Altea","article_modified_time":"2023-10-31T12:37:25+00:00","twitter_card":"summary_large_image","twitter_misc":{"Tiempo de lectura":"9 minutos"},"schema":{"@context":"https:\/\/schema.org","@graph":[{"@type":"WebPage","@id":"https:\/\/antenistaaltea.com\/index.php\/politica-de-cookies\/","url":"https:\/\/antenistaaltea.com\/index.php\/politica-de-cookies\/","name":"Pol\u00edtica de cookies - Antenista Altea","isPartOf":{"@id":"https:\/\/antenistaaltea.com\/#website"},"datePublished":"2023-09-25T17:41:48+00:00","dateModified":"2023-10-31T12:37:25+00:00","breadcrumb":{"@id":"https:\/\/antenistaaltea.com\/index.php\/politica-de-cookies\/#breadcrumb"},"inLanguage":"es","potentialAction":[{"@type":"ReadAction","target":["https:\/\/antenistaaltea.com\/index.php\/politica-de-cookies\/"]}]},{"@type":"BreadcrumbList","@id":"https:\/\/antenistaaltea.com\/index.php\/politica-de-cookies\/#breadcrumb","itemListElement":[{"@type":"ListItem","position":1,"name":"Portada","item":"https:\/\/antenistaaltea.com\/"},{"@type":"ListItem","position":2,"name":"Pol\u00edtica de cookies"}]},{"@type":"WebSite","@id":"https:\/\/antenistaaltea.com\/#website","url":"https:\/\/antenistaaltea.com\/","name":"Antenista Altea","description":"Antenistas en Altea, servicios \u00edntegros de antenas terrestres y satelitales en la localidad de Altea , alta calidad en todos los servicios de antenatv.","potentialAction":[{"@type":"SearchAction","target":{"@type":"EntryPoint","urlTemplate":"https:\/\/antenistaaltea.com\/?s={search_term_string}"},"query-input":"required name=search_term_string"}],"inLanguage":"es"}]}},"_links":{"self":[{"href":"https:\/\/antenistaaltea.com\/index.php\/wp-json\/wp\/v2\/pages\/41","targetHints":{"allow":["GET"]}}],"collection":[{"href":"https:\/\/antenistaaltea.com\/index.php\/wp-json\/wp\/v2\/pages"}],"about":[{"href":"https:\/\/antenistaaltea.com\/index.php\/wp-json\/wp\/v2\/types\/page"}],"author":[{"embeddable":true,"href":"https:\/\/antenistaaltea.com\/index.php\/wp-json\/wp\/v2\/users\/1"}],"replies":[{"embeddable":true,"href":"https:\/\/antenistaaltea.com\/index.php\/wp-json\/wp\/v2\/comments?post=41"}],"version-history":[{"count":3,"href":"https:\/\/antenistaaltea.com\/index.php\/wp-json\/wp\/v2\/pages\/41\/revisions"}],"predecessor-version":[{"id":47,"href":"https:\/\/antenistaaltea.com\/index.php\/wp-json\/wp\/v2\/pages\/41\/revisions\/47"}],"wp:attachment":[{"href":"https:\/\/antenistaaltea.com\/index.php\/wp-json\/wp\/v2\/media?parent=41"}],"curies":[{"name":"wp","href":"https:\/\/api.w.org\/{rel}","templated":true}]}}